factor of 101618?
True
Is 13 a factor of 4253925?
True
Is 165527 a multiple of 3?
False
Does 90 divide 783000?
True
Is 202 a factor of 72922?
True
Is 658854 a multiple of 9?
True
Is 22 a factor of 337458?
True
Does 8 divide 2765104?
True
Does 35 divide 2841230?
True
Is 138628 a multiple of 15?
False
Is 69 a factor of 1681471?
False
Is 14 a factor of 2992455?
False
Does 33 divide 59871?
False
Is 517 a factor of 909882?
False
Does 11 divide 139640?
False
Does 3 divide 293974?
False
Is 64097 a multiple of 3?
False
Is 64 a factor of 347776?
True
Is 176 a factor of 6100336?
True
Does 748 divide 513128?
True
Does 45 divide 2543380?
False
Is 396975 a multiple of 34?
False
Is 378320 a multiple of 694?
False
Is 239 a factor of 205187?
False
Is 206 a factor of 44496?
True
Is 11330191 a multiple of 1899?
False
Is 45680 a multiple of 90?
False
Is 17 a factor of 1208564?
True
Is 7862958 a multiple of 80?
False
Does 4 divide 189928?
True
Does 8 divide 1529891?
False
Is 84689 a multiple of 16?
False
Is 422395 a multiple of 11?
False
Does 39 divide 1414811?
False
Is 2 a factor of 605382?
True
Is 10 a factor of 1214670?
True
Is 10 a factor of 1974217?
False
Does 419 divide 301963?
False
Is 696195 a multiple of 729?
True
Does 23 divide 2474184?
False
Is 81640 a multiple of 65?
True
Is 353495 a multiple of 9?
False
Is 3282764 a multiple of 57?
False
Is 447 a factor of 974013?
True
Is 268762 a multiple of 7?
False
Is 668892 a multiple of 12?
True
Is 5202370 a multiple of 34?
False
Does 22 divide 1024518?
True
Is 4462 a multiple of 7?
False
Is 10 a factor of 3177560?
True
Is 10680221 a multiple of 2011?
False
Is 110 a factor of 2116730?
True
Does 69 divide 424626?
True
Is 3 a factor of 2377263?
True
Does 35 divide 31368?
False
Does 1321 divide 3017164?
True
Is 3116512 a multiple of 14?
True
Does 32 divide 4292128?
True
Does 108 divide 23583017?
False
Is 68884 a multiple of 17?
True
Is 10 a factor of 39601?
False
Does 478 divide 913458?
True
Does 54 divide 419202?
True
Is 26 a factor of 1630014?
False
Is 270514 a multiple of 13?
False
Is 939252 a multiple of 13?
False
Is 257184 a multiple of 141?
True
Is 1626714 a multiple of 18?
True
Is 638 a factor of 11243148?
False
Does 192 divide 1564224?
True
Is 793833 a multiple of 60?
False
Is 264960 a multiple of 96?
True
Is 115 a factor of 31727?
False
Does 68 divide 220786?
False
Is 204185 a multiple of 15?
False
Does 8 divide 3030288?
True
Is 17302 a multiple of 82?
True
Does 623 divide 523994?
False
Does 13 divide 49510?
False
Does 129 divide 2034468?
False
Is 11104 a multiple of 26?
False
Does 7 divide 17990?
True
Is 148 a factor of 3037078?
False
Is 6656613 a multiple of 14?
False
Is 198689 a multiple of 160?
False
Is 11 a factor of 764459?
False
Is 11 a factor of 7429642?
True
Is 140 a factor of 170660?
True
Does 8 divide 1764176?
True
Is 25026528 a multiple of 16?
True
Is 496267 a multiple of 313?
False
Is 54142 a multiple of 46?
True
Does 143 divide 209924?
True
Does 1284 divide 6970836?
True
Is 5278412 a multiple of 14?
False
Is 6 a factor of 226737?
False
Is 5735352 a multiple of 498?
False
Is 139 a factor of 12867?
False
Is 339 a factor of 253475?
False
Is 10 a factor of 121691?
False
Is 20 a factor of 1635560?
True
Is 839 a factor of 3365229?
True
Is 49 a factor of 6194819?
False
Is 6551649 a multiple of 10?
False
Is 1488406 a multiple of 264?
False
Is 160 a factor of 1006144?
False
Is 339 a factor of 1550984?
False
Is 17 a factor of 36380?
True
Does 6 divide 154003?
False
Is 9463288 a multiple of 149?
True
Does 6 divide 370425?
False
Is 113 a factor of 37089?
False
Does 474 divide 1022892?
True
Is 6490111 a multiple of 589?
False
Is 1008 a factor of 3362403?
False
Is 5222 a multiple of 25?
False
Is 1270896 a multiple of 332?
True
Does 9 divide 94803?
False
Is 32 a factor of 385792?
True
Is 85 a factor of 2890?
True
Is 5047539 a multiple of 4?
False
Does 15 divide 4563996?
False
Is 231 a factor of 63953?
False
Is 241 a factor of 760189?
False
Is 20 a factor of 6316360?
True
Is 23 a factor of 3635533?
False
Is 24 a factor of 1745736?
True
Is 4277130 a multiple of 390?
True
Is 535891 a multiple of 142?
False
Is 1594 a factor of 14609010?
True
Is 7698982 a multiple of 12?
False
Does 390 divide 3082969?
False
Does 955 divide 4179343?
False
Is 27 a factor of 99954?
True
Does 32 divide 222930?
False
Is 2585 a multiple of 5?
True
Is 14 a factor of 588?
True
Is 3 a factor of 332878?
False
Does 31 divide 130504?
False
Is 6 a factor of 1799472?
True
Is 195 a factor of 2376465?
True
Is 5 a factor of 162679?
False
Is 771 a factor of 4277148?
False
Does 130 divide 329491?
False
Is 2824452 a multiple of 402?
True
Is 56 a factor of 87150?
False
Does 68 divide 1224748?
True
Does 31 divide 440169?
True
Is 83 a factor of 34279?
True
Does 15 divide 2933216?
False
Does 7 divide 6076?
True
Is 553 a factor of 1866928?
True
Is 185 a factor of 419025?
True
Is 8165 a multiple of 3?
False
Is 215909 a multiple of 215?
False
Is 5528909 a multiple of 152?
False
Is 1709070 a multiple of 1254?
False
Does 93 divide 1767?
True
Is 15 a factor of 78205?
False
Is 74 a factor of 9755319?
False
Does 207 divide 2251746?
True
Does 414 divide 120906?
False
Is 8 a factor of 176042?
False
Is 1691743 a multiple of 45?
False
Is 368243 a multiple of 8?
False
Is 1333604 a multiple of 29?
False
Is 8 a factor of 4468440?
True
Is 60384 a multiple of 48?
True
Does 427 divide 49105?
True
Is 12 a factor of 23328240?
True
Is 33 a factor of 2351877?
True
Is 40 a factor of 4859891?
False
Is 321 a factor of 868947?
True
Is 597 a factor of 1309900?
False
Is 427976 a multiple of 122?
True
Is 25 a factor of 4674775?
True
Is 67990 a multiple of 10?
True
Does 12 divide 558480?
True
Does 5 divide 10180?
True
Is 166403 a multiple of 23?
False
Does 217 divide 146614?
False
Is 83 a factor of 378490?
False
Is 14 a factor of 701274?
True
Is 2167542 a multiple of 18?
True
Does 121 divide 105912?
False
Does 202 divide 68680?
True
Does 42 divide 115575?
False
Does 454 divide 320978?
True
Is 65 a factor of 15108343?
False
Is 14074760 a multiple of 35?
True
Is 111 a factor of 826173?
True
Does 14 divide 38677?
False
Is 1143792 a multiple of 48?
True
Is 329 a factor of 756371?
True
Is 66 a factor of 1142518?
False
Is 30 a factor of 125910?
True
Does 4 divide 1261984?
True
Is 22 a factor of 296472?
True
Is 134778 a multiple of 21?
True
Does 1047 divide 1786182?
True
Is 966943 a multiple of 59?
False
Is 37 a factor of 145996?
False
Does 70 divide 1382710?
True
Is 271 a factor of 1160964?
True
Is 8 a factor of 194195?
False
Does 7 divide 1392603?
False
Is 44 a factor of 1176824?
True
Is 211111 a multiple of 20?
False
Is 113 a factor of 1146939?
False
Is 42 a factor of 75032?
False
Does 196 divide 42049?
False
Is 11 a factor of 147136?
True
Is 463000 a multiple of 200?
True
Is 53 a factor of 64405?
False
Does 181 divide 192584?
True
Is 45 a factor of 77103?
False
Is 601261 a multiple of 62?
False
Is 207207 a multiple of 23?
True
Is 45 a factor of 4407832?
False
Does 370 divide 9426607?
False
Is 283476 a multiple of 2?
True
Is 92600 a multiple of 20?
True
Does 63 divide 3521875?
False
Does 225 divide 211251?
False
Is 19183 a multiple of 16?
False
Is 289512 a multiple of 153?
False
Is 9916 a multiple of 4?
True
Is 5178625 a multiple of 17?
True
Is 1528020 a multiple of 60?
True
Does 110 divide 105919?
False
Does 103 divide 515?
True
Is 2475404 a multiple of 236?
True
Is 224 a factor of 9878624?
True
Is 5041889 a multiple of 419?
False
Is 295362 a multiple of 538?
True
Does 137 divide 748157?
True
Is 663612 a multiple of 102?
True
Is 1362030 a multiple of 415?
True
Is 222134 a multiple of 23?
True
Does 116 divide 143751?
False
Does 14 divide 1023600?
False
Is 19 a factor of 2018642?
False
Does 13 divide 96746?
True
Is 1026642 a multiple of 1293?
True
Does 72 divide 182736?
True
Does 723 divide 4131503?
False
Is 9 a factor of 1642932?
True
Does 19 divide 61047?
True
Does 288 divide 15092931?
False
Is 69 a factor of 435681?
False
Does 23 divide 1632517?
True
Is 53 a factor of 232458?
True
Does 41 divide 7284046?
False
Is 3127206 a multiple of 7?
False
Does 6 divide 134298?
True
Is 77280 a multiple of 420?
True
Does 135 divide 95582?
False
Does 448 divide 14807744?
True
Is 244822 a multi